. Is z a composite number?
False
Let v = -8 + 7. Let l be 2 + (v - 2) + 152. Let w = l - 62. Is w composite?
False
Let t(y) = 1 - 3 - 5*y + 11*y - y**2. Let b be t(5). Suppose -2*p + 235 = b*p. Is p prime?
True
Let x(i) = -15*i**2 + 4*i - 3. Let t(j) = -16*j**2 + 3*j - 2. Let d(a) = -3*t(a) + 2*x(a). Is d(-1) prime?
True
Let y = 371 - 78. Is y a prime number?
True
Let m(y) = 19 + y + y**2 - 3*y**2 + y**2. Let g = -5 - -5. Is m(g) a prime number?
True
Let b be 343/(-28)*(1 + 15). Let x = b + 323. Is x a composite number?
False
Let z(y) = -20*y - 16. Let w be z(-7). Suppose -w = -5*g - 9. Is g a composite number?
False
Let n(q) be the first derivative of -q**4/4 + 3*q**3 - 3*q**2 - q - 1. Let u be 26/4 - (-6)/12. Is n(u) composite?
True
Let k(u) = -2*u**3 - 6*u**2 - 3*u + 5. Let a = 5 + -7. Let i be a - (2 - 2 - -2). Is k(i) a prime number?
False
Let k(a) = 2*a**2 + a + 37. Is k(7) prime?
False
Let u(i) = i**3 - 10*i**2 - i + 9. Let r be u(10). Is (385 - 16) + (3 - r) composite?
False
Suppose 0 = 5*z + 4*l - 408, 0*l = 2*z - l - 171. Let q(k) = k**3 + 14*k**2 + k + 19. Let d be q(-14). Suppose r = d*r - z. Is r a composite number?
True
Let c(a) = a**3 + 6*a**2 + 5*a. Let n be c(-5). Suppose 0 = -n*k + 2*k - 18. Is k a composite number?
True
Let k(s) = -3*s**2 - 2*s + 1. Let n be 3/1 + 2*-1. Let p be k(n). Is p/8*-1*44 prime?
False
Let c(a) = 124*a**2 - a. Suppose 16 = -3*i + 4. Let s be (2 + i)/(3 + -5). Is c(s) a composite number?
True
Let v(m) = m**2 + 11*m + 12. Let j = -26 + 17. Let a be v(j). Let n(o) = -14*o + 1. Is n(a) a prime number?
False
Let k = -644 + 1300. Let f = k + -321. Is f composite?
True
Let t(x) = -x**3 + 14*x**2 - 6*x - 6. Is t(7) a composite number?
True
Suppose 5*f - f + 560 = 0. Let t = 24 - f. Let q = t - -47. Is q composite?
False
Suppose -8 - 2 = -2*p. Suppose p*f = 6*f - 50. Suppose n + n = f. Is n a prime number?
False
Suppose 0*m + 5*m = -15. Is m - 1/(1/(-62)) a prime number?
True
Let g(z) = 4*z**2 + 12*z + 9. Let q(v) = -11*v**2 - 35*v - 26. Let n(l) = 17*g(l) + 6*q(l). Is n(-5) a prime number?
False
Suppose 0 = 5*b + 7 + 3, 82 = 4*u + b. Let v = u - 166. Let c = -102 - v. Is c a composite number?
False
Suppose -14 = -2*j + q + 52, 0 = 2*j + 5*q - 78. Let z = j + -24. Is (-3)/(-5) - (-64)/z composite?
False
Suppose -2*b = -4*x - 1698, 5*b + 5*x - 830 = 3445. Is b composite?
False
Let f(k) = k**3 - 3*k**2 + 5*k - 3. Let u be f(3). Let v = u + -7. Suppose -j + v*y = -0*y - 48, 2*j + 3*y = 109. Is j a composite number?
False
Let y = 311 - -68. Let o(w) = 94*w + 11. Let n be o(5). Suppose 5*s - 2*x - n = 194, 3*s + 4*x = y. Is s a prime number?
False
Let i(l) be the second derivative of 0 + 1/2*l**2 - 2*l - 1/20*l**5 + 5/6*l**4 - 3/2*l**3. Is i(6) a composite number?
True
Suppose x + 2099 = l, 0 = l + 4*x - x - 2099. Is l a composite number?
False
Suppose -5*h = -3*c - 20624, -3*h - h + 3*c + 16498 = 0. Is h composite?
True
Suppose -458 + 191 = -i. Is i prime?
False
Is (4 - 38/4)*-134 prime?
False
Let y(r) = 2*r**2 + 15*r + 2. Is y(-11) composite?
False
Suppose -k - 3*p + 5 = 0, -5*p = -k + 4*k - 15. Is ((-1910)/(-25))/(2/k) composite?
False
Is (-12)/(-3) + (2 - -121) prime?
True
Suppose 5 = -o, -4*u = -0*u + 3*o - 17. Let q(x) = x. Let g be q(0). Suppose g = -4*v + u + 8. Is v a prime number?
False
Is 6265/15 - 8/(-6) composite?
False
Let i(t) = -t + 5. Let h be i(4). Let y be (h/(-3))/((-1)/12). Suppose -4*x = 3*p - 197 + 12, 0 = -y*p + x + 215. Is p a composite number?
True
Let v(n) = n**2 - n - 298. Let r be v(0). Let d = r + 443. Is d prime?
False
Suppose 6*n - 2*n - 5*d = -23, 2*n - 5*d + 19 = 0. Let f = 0 - n. Suppose 0 = -3*l + 6, -5*l = -y + f*y - 35. Is y a composite number?
True
Suppose -2*z - 4*r = -234, -3*r = -4*z - 57 + 514. Is z prime?
False
Let m(w) = w**3 + 7*w**2 + 3*w - 5. Suppose 4*n - 28 = 4*t, 0 = -t - 8*n + 3*n + 11. Is m(t) prime?
True
Suppose -4*p - 5*d = 1, 5*p + 0*d = -2*d + 3. Let m = 4 + p. Suppose 2*a - 38 = 5*q, 92 = 4*a - m*q + 16. Is a a prime number?
True
Let k = -157 + 228. Is k a prime number?
True
Let p = -38 + 135. Is p prime?
True
Suppose 4*x + 4 = 0, 5*w = -x + 45 - 16. Let f be 16/6 - (-2)/w. Suppose -f*u = 3*y - 78, 0 = 2*y - u - 0*u - 37. Is y prime?
False
Suppose 5*v - 2315 = 4*b, 2*v - 3*b - 570 = 363. Let y = v + -326. Is y a prime number?
False
Let z = -258 + -32. Let y = 451 + z. Is y composite?
True
Suppose v + 1436 = 2*f + 6*v, 4*v + 16 = 0. Suppose 3*i + 17 = f. Is i a prime number?
False
Let j be 2 + 0/((-4)/(-2)). Suppose 11 = j*b - 207. Is b a prime number?
True
Suppose 5*s - 2258 = -4*f, -6*s = f - 2*s - 559. Suppose n = f - 100. Is n prime?
True
Suppose 4*b - 3*f = 59, -4*b - 4*f + 55 = -3*f. Is b prime?
False
Let l(b) = -b**2 + 6*b + 4. Let j be l(6). Suppose -j*d + 150 = -46. Is d prime?
False
Let o(p) = -p**2 - 11*p - 11. Let w be o(-10). Is 28 - 1*(w + -2) a composite number?
False
Let c = 1 + 1. Suppose -3*j = c*j - 105. Is j composite?
True
Let j be (-1)/1*-1 - 5. Let b = 28 - j. Suppose b = 4*k + 4. Is k a prime number?
True
Suppose 0 = 5*r - 2 - 18. Suppose 23 = p + r. Is p a prime number?
True
Let v be 0 - (0 + 2) - -2. Is -1 - (-2 + v) - -30 a prime number?
True
Let s(q) be the second derivative of -13*q**3/2 + 17*q**2/2 - 6*q. Is s(-6) a prime number?
True
Let w(b) = -b**3 - b**2 - b - 1. Let o(h) = -h**3 + 3*h**2 + 4*h + 1. Let x(g) = -o(g) + 3*w(g). Is x(-5) a composite number?
False
Let b(o) = o**2 - 2*o + 3. Is b(3) a composite number?
True
Let g be 204/30 - (-1)/5. Suppose -2*b = -g*b - 25, -a + b = -40. Is a a composite number?
True
Let v(z) be the first derivative of -9*z**2/2 - 2. Let x be v(3). Let m = 19 - x. Is m a prime number?
False
Let r be (1 - 3)*5/(-2). Suppose -r*n + 4*n = -163. Is n prime?
True
Let u = 3 + 6. Let o(m) = 4*m + 15 + m - u*m + 10*m. Is o(13) a composite number?
True
Suppose -z = -0*z - 52. Suppose -x + z = x - 2*i, 0 = 2*x + 3*i - 27. Is x a prime number?
False
Let g(r) = -7 + 3 + 3 - 2*r. Let p be g(-2). Suppose 0 = 4*s + 3*v - 106, -p*s - 4*v - 17 = -4*s. Is s a prime number?
False
Let k(f) be the first derivative of 2*f**3/3 + 2*f**2 + f + 15. Let m(i) = -i**3 + 5*i**2 + 7*i - 3. Let w be m(6). Is k(w) prime?
True
Let d = -28 - -17. Let i = 13 + d. Is ((-164)/(-8))/(i/20) a composite number?
True
Let z(f) be the second derivative of 11*f**4/4 + f**3/6 + f**2/2 - 3*f. Is z(-2) composite?
False
Let v(r) = -r + 2. Let k be v(-4). Let h = k + 1. Is h a composite number?
False
Suppose -3*j - 80 + 461 = 0. Is j a composite number?
False
Suppose -5*q + 8 = -3*q. Suppose -q*l = -5*o - 139, l + 2*l - 3*o = 102. Is l prime?
True
Let v(w) be the third derivative of -w**6/120 + w**5/10 + 3*w**4/8 - w**3/6 + 2*w**2. Is v(6) a prime number?
True
Let n(m) be the third derivative of m**5/60 + m**4/2 + 5*m**3/2 - 3*m**2. Let i be n(-11). Suppose 2*q + 2*q = -r + 39, i*q = 4*r - 76. Is r a prime number?
True
Let t(c) = c**3 + 19*c**2 - 7*c + 12. Is t(-19) composite?
True
Let o be 46/14 + (-4)/14. Suppose v - 37 = -o*j - 10, -57 = -2*v - 5*j. Suppose 0 = -5*p + 2*k + 425, -5*p - 5*k + v = -389. Is p composite?
True
Let u(q) = 2*q**2 + 4*q + 3. Let l be u(-2). Suppose 0*d = -3*k + l*d + 315, 3*k + d = 331. Is k a prime number?
True
Let v = 269 + -156. Is v a prime number?
True
Let u = 10 - 4. Suppose -u*t = -t + 15. Is 3 - 0 - (t + -1) a composite number?
False
Let j = -8 + 13. Suppose q + 3*m = j, -2*q - 3*m + 5*m = -2. Suppose -44 = -6*b + q*b. Is b a prime number?
True
Let b = -11 - -14. Let f(i) = 5*i**3 - 2*i**2 - 5*i + 7. Is f(b) prime?
True
Is (-14)/28*388/(-1) prime?
False
Suppose -2*d = 2*d. Suppose d = -3*i - 3*y + 20 + 187, 276 = 4*i - 4*y. Is i a prime number?
False
Let n = -207 + 67. Let y = 209 + n. Is y a composite number?
True
Let m(i) = -i - 1. Let j(h) = -8*h + 3. Let q(d) = j(d) + 4*m(d). Is q(-4) a prime number?
True
Suppose -2339 - 2701 = -6*q. Let w(j) = -j**3 + 5*j**2 + 4. Let k be w(5). Suppose k*g - q = -4*y, -g + 0*y + 207 = 4*y. Is g a composite number?
False
Suppose 5*c - 2*q = 137, 0*c + 3*q = -2*c + 70. Suppose 42 = y - c. Is y composite?
False
Suppose -4*s + 25 + 63 = 0. Suppose s - 101 = -m. Is m prime?
True
Let v = 242 - -1517. Is v composite?
False
Suppose 0 = 3*j - 2*j. Suppose -p = -c + 9, 3*c 